{"id":695,"date":"2024-04-12T16:42:51","date_gmt":"2024-04-12T16:42:51","guid":{"rendered":"https:\/\/imagenesgeograficas.com\/new\/?page_id=695"},"modified":"2024-04-12T17:30:01","modified_gmt":"2024-04-12T17:30:01","slug":"quienes-somos","status":"publish","type":"page","link":"https:\/\/imagenesgeograficas.com\/new\/quienes-somos\/","title":{"rendered":"Quienes Somos"},"content":{"rendered":"<p>[et_pb_section fb_built=&#8221;1&#8243; _builder_version=&#8221;4.6.6&#8243; _module_preset=&#8221;default&#8221; background_image=&#8221;https:\/\/imagenesgeograficas.com\/new\/wp-content\/uploads\/2018\/03\/worldview1.jpg&#8221;][et_pb_row _builder_version=&#8221;4.6.6&#8243; _module_preset=&#8221;default&#8221;][et_pb_column type=&#8221;4_4&#8243; _builder_version=&#8221;4.6.6&#8243; _module_preset=&#8221;default&#8221;][et_pb_text _builder_version=&#8221;4.6.6&#8243; _module_preset=&#8221;default&#8221; header_font=&#8221;|800|||||||&#8221; header_text_color=&#8221;#ffffff&#8221; header_font_size=&#8221;45px&#8221; header_font_size_tablet=&#8221;&#8221; header_font_size_phone=&#8221;25px&#8221; header_font_size_last_edited=&#8221;on|phone&#8221;]<\/p>\n<h1>Quienes Somos<\/h1>\n<p>[\/et_pb_text][\/et_pb_column][\/et_pb_row][\/et_pb_section][et_pb_section fb_built=&#8221;1&#8243; _builder_version=&#8221;4.6.6&#8243; _module_preset=&#8221;default&#8221; background_color=&#8221;#587fc4&#8243; custom_padding=&#8221;||||false|false&#8221; hover_enabled=&#8221;0&#8243; sticky_enabled=&#8221;0&#8243;][et_pb_row _builder_version=&#8221;4.6.6&#8243; background_color=&#8221;rgba(0,0,0,0)&#8221; use_custom_width=&#8221;on&#8221; width_unit=&#8221;off&#8221; custom_width_percent=&#8221;90%&#8221;][et_pb_column type=&#8221;4_4&#8243; _builder_version=&#8221;3.25&#8243; custom_padding=&#8221;|||&#8221; custom_padding__hover=&#8221;|||&#8221;][et_pb_text _builder_version=&#8221;4.6.6&#8243; text_text_color=&#8221;#ffffff&#8221; text_font_size=&#8221;18px&#8221; text_line_height=&#8221;1.3em&#8221; inline_fonts=&#8221;Fira Sans Condensed&#8221;]Procesamiento y An\u00e1lisis de Im\u00e1genes Satelitales Im\u00e1genes Geogr\u00e1ficas ofrece servicio de procesamiento de im\u00e1genes satelitales y estudio y an\u00e1lisis de la informaci\u00f3n de las mismas a trav\u00e9s de un equipo de profesionales altamente experimentado, con experiencia en proyectos nacionales e internacionales y en el uso de \u00e9sta tecnolog\u00eda.[\/et_pb_text][\/et_pb_column][\/et_pb_row][\/et_pb_section][et_pb_section fb_built=&#8221;1&#8243; _builder_version=&#8221;3.22&#8243;][et_pb_row column_structure=&#8221;1_4,1_4,1_4,1_4&#8243; make_equal=&#8221;on&#8221; _builder_version=&#8221;4.6.6&#8243; width=&#8221;90%&#8221; max_width=&#8221;90%&#8221; custom_padding=&#8221;0px|0px|40px|0px|false|false&#8221; border_width_bottom=&#8221;1px&#8221; use_custom_width=&#8221;on&#8221; width_unit=&#8221;off&#8221; custom_width_percent=&#8221;90%&#8221;][et_pb_column type=&#8221;1_4&#8243; _builder_version=&#8221;3.25&#8243; custom_padding=&#8221;|||&#8221; custom_padding__hover=&#8221;|||&#8221;][et_pb_text _builder_version=&#8221;3.27.4&#8243;]<\/p>\n<p><b><span color=\"#666666\" size=\"4\" style=\"color: #666666; font-size: large;\"><span>Fotogrametria:<\/p>\n<p><\/span><\/span><\/b><span color=\"#666666\" size=\"2\" style=\"color: #666666; font-size: small;\"><span>Restituci\u00f3n planim\u00e9trica<br \/>Ortorectificaci\u00f3n<br \/>Mosaico<br \/>Balanceo<br \/>Fusi\u00f3n<br \/>Modelos digitales de elevaci\u00f3n (MDE)<br \/>Curvas de nivel<\/span><\/span><\/p>\n<p>[\/et_pb_text][\/et_pb_column][et_pb_column type=&#8221;1_4&#8243; _builder_version=&#8221;3.25&#8243; custom_padding=&#8221;|||&#8221; custom_padding__hover=&#8221;|||&#8221;][et_pb_text _builder_version=&#8221;3.27.4&#8243;]<\/p>\n<p><b><span color=\"#666666\" size=\"4\" style=\"color: #666666; font-size: large;\"><span>An\u00e1lisis e Interpretaci\u00f3n:<\/p>\n<p><\/span><\/span><\/b><b><span color=\"#666666\" style=\"color: #666666;\"><span>Ap<\/span><\/span><\/b><b><span color=\"#666666\" size=\"2\" style=\"color: #666666; font-size: small;\"><span>licaciones Agr\u00edcolas:<\/p>\n<p><\/span><\/span><\/b><span color=\"#666666\" size=\"2\" style=\"color: #666666; font-size: small;\"><span>Clasificaci\u00f3n de Cultivos, Salud de los cultivos,<br \/>Monitoreo Racional del Agua,<br \/>Predicci\u00f3n de Cosechas,<br \/>Mapas de Drenaje,<br \/>Control Efectivo de MalasHierbas, entre otras.<br \/><\/span><\/span><\/p>\n<p>[\/et_pb_text][\/et_pb_column][et_pb_column type=&#8221;1_4&#8243; _builder_version=&#8221;3.25&#8243; custom_padding=&#8221;|||&#8221; custom_padding__hover=&#8221;|||&#8221;][et_pb_text _builder_version=&#8221;3.27.4&#8243;]<\/p>\n<p><b><span color=\"#666666\" size=\"2\" style=\"color: #666666; font-size: small;\"><span>Aplicaciones en Hidrolog\u00eda y Geolog\u00eda:<\/p>\n<p><\/span><\/span><\/b><span color=\"#666666\" size=\"2\" style=\"color: #666666; font-size: small;\"><span>Definici\u00f3n de \u00e1reas de Cuencas,<br \/>Simulaci\u00f3n de \u00e1reas inundables,<br \/>definici\u00f3n de\u00e1reas de exploraci\u00f3n de petr\u00f3leo y minerales,<br \/>Cartograf\u00eda geol\u00f3gica,<br \/>mapas de uso y cobertura del suelo en zonas selv\u00e1ticas,derrames de petr\u00f3leo.<br \/><\/span><\/span><\/p>\n<p>[\/et_pb_text][\/et_pb_column][et_pb_column type=&#8221;1_4&#8243; _builder_version=&#8221;3.25&#8243; custom_padding=&#8221;|||&#8221; custom_padding__hover=&#8221;|||&#8221;][et_pb_text _builder_version=&#8221;3.27.4&#8243;]<\/p>\n<p><b><span color=\"#666666\" size=\"2\" style=\"color: #666666; font-size: small;\"><span>Medio Ambiente y Recursos Forestales:<\/p>\n<p><\/span><\/span><\/b><span color=\"#666666\" size=\"2\" style=\"color: #666666; font-size: small;\"><span>Mapas de Uso Actual y de cobertura del Suelo,<br \/>Monitoreo de la Vegetaci\u00f3n,<br \/>Desertizaci\u00f3n y Deforestaci\u00f3n, Contaminaci\u00f3n del Agua.<\/p>\n<p><\/span><\/span><b><span color=\"#666666\" size=\"2\" style=\"color: #666666; font-size: small;\"><span>Desastres Naturales y Artificiales:<\/p>\n<p><\/span><\/span><\/b><span color=\"#666666\" size=\"2\" style=\"color: #666666; font-size: small;\"><span>Estudios de Prevenci\u00f3n, Monitoreo y<br \/>Cuantificaci\u00f3n de Da\u00f1os, Incendios, Inundaciones<\/span><\/span><\/p>\n<p>[\/et_pb_text][\/et_pb_column][\/et_pb_row][et_pb_row column_structure=&#8221;1_4,1_4,1_4,1_4&#8243; make_equal=&#8221;on&#8221; _builder_version=&#8221;3.25&#8243; width=&#8221;90%&#8221; max_width=&#8221;90%&#8221; custom_padding=&#8221;61px|0px|23.6719px|0px&#8221; use_custom_width=&#8221;on&#8221; width_unit=&#8221;off&#8221; custom_width_percent=&#8221;90%&#8221;][et_pb_column type=&#8221;1_4&#8243; _builder_version=&#8221;3.25&#8243; custom_padding=&#8221;|||&#8221; custom_padding__hover=&#8221;|||&#8221;][et_pb_text _builder_version=&#8221;3.27.4&#8243;]<\/p>\n<p><b><span color=\"#666666\" size=\"2\" style=\"color: #666666; font-size: small;\"><span>Medio Ambiente y Recursos Forestales:<\/span><\/span><\/b><\/p>\n<p><b> <\/b><\/p>\n<p><b><\/b><span color=\"#666666\" size=\"2\" style=\"color: #666666; font-size: small;\"><span>Mapas de Uso Actual y de cobertura del Suelo,<br \/>Monitoreo de la Vegetaci\u00f3n,<br \/>Desertizaci\u00f3n y Deforestaci\u00f3n, Contaminaci\u00f3n del Agua.<\/span><\/span><\/p>\n<p>[\/et_pb_text][\/et_pb_column][et_pb_column type=&#8221;1_4&#8243; _builder_version=&#8221;3.25&#8243; custom_padding=&#8221;|||&#8221; custom_padding__hover=&#8221;|||&#8221;][et_pb_text _builder_version=&#8221;3.27.4&#8243;]<\/p>\n<p><b><span color=\"#666666\" size=\"2\" style=\"color: #666666; font-size: small;\"><span>Desastres Naturales y Artificiales:<\/p>\n<p><\/span><\/span><\/b><span color=\"#666666\" size=\"2\" style=\"color: #666666; font-size: small;\"><span>Estudios de Prevenci\u00f3n, Monitoreo y<br \/>Cuantificaci\u00f3n de Da\u00f1os, Incendios, Inundaciones<\/span><\/span><\/p>\n<p>[\/et_pb_text][\/et_pb_column][et_pb_column type=&#8221;1_4&#8243; _builder_version=&#8221;3.25&#8243; custom_padding=&#8221;|||&#8221; custom_padding__hover=&#8221;|||&#8221;][et_pb_text _builder_version=&#8221;3.27.4&#8243;]<\/p>\n<p><b><span color=\"#666666\" size=\"2\" style=\"color: #666666; font-size: small;\"><span>Infraestructura, Energ\u00eda El\u00e9ctrica y Telecomunicaciones:<\/p>\n<p><\/span><\/span><\/b><span color=\"#666666\" size=\"2\" style=\"color: #666666; font-size: small;\"><span>Actualizaci\u00f3n Cartogr\u00e1fica, Mapas de Uso y Cobertura del Suelo,Catastro Rural, Planificaci\u00f3n, <br soft=\"\" \/>Elecci\u00f3n y Monitoreo de Sitios,Planificaci\u00f3n Urbana, Vegetaci\u00f3n y Derechos de V\u00eda.<br \/><\/span><\/span><\/p>\n<p>[\/et_pb_text][\/et_pb_column][et_pb_column type=&#8221;1_4&#8243; _builder_version=&#8221;3.25&#8243; custom_padding=&#8221;|||&#8221; custom_padding__hover=&#8221;|||&#8221;][et_pb_text _builder_version=&#8221;3.27.4&#8243;]<\/p>\n<p><b><span color=\"#666666\" size=\"2\" style=\"color: #666666; font-size: small;\"><span>Asesor\u00eda y Desarrollo en Sistemas de Informaci\u00f3n Geogr\u00e1fica<\/p>\n<p><\/span><\/span><\/b><span color=\"#666666\" size=\"2\" style=\"color: #666666; font-size: small;\"><span>Im\u00e1genes Geogr\u00e1ficas ofrece asesor\u00eda para la integraci\u00f3n y desarrollo de Sistemas de <br soft=\"\" \/>Informaci\u00f3n Geogr\u00e1fica en aplicaciones m\u00faltiples en iniciativa privada y p\u00fablica.<\/span><\/span><\/p>\n<p>[\/et_pb_text][\/et_pb_column][\/et_pb_row][\/et_pb_section]<\/p>\n","protected":false},"excerpt":{"rendered":"<p>Quienes SomosProcesamiento y An\u00e1lisis de Im\u00e1genes Satelitales Im\u00e1genes Geogr\u00e1ficas ofrece servicio de procesamiento de im\u00e1genes satelitales y estudio y an\u00e1lisis de la informaci\u00f3n de las mismas a trav\u00e9s de un equipo de profesionales altamente experimentado, con experiencia en proyectos nacionales e internacionales y en el uso de \u00e9sta tecnolog\u00eda.Fotogrametria: Restituci\u00f3n planim\u00e9tricaOrtorectificaci\u00f3nMosaicoBalanceoFusi\u00f3nModelos digitales de elevaci\u00f3n (MDE)Curvas [&hellip;]<\/p>\n","protected":false},"author":1,"featured_media":0,"parent":0,"menu_order":0,"comment_status":"closed","ping_status":"closed","template":"","meta":{"_et_pb_use_builder":"on","_et_pb_old_content":"","_et_gb_content_width":"","footnotes":""},"class_list":["post-695","page","type-page","status-publish","hentry"],"_links":{"self":[{"href":"https:\/\/imagenesgeograficas.com\/new\/wp-json\/wp\/v2\/pages\/695","targetHints":{"allow":["GET"]}}],"collection":[{"href":"https:\/\/imagenesgeograficas.com\/new\/wp-json\/wp\/v2\/pages"}],"about":[{"href":"https:\/\/imagenesgeograficas.com\/new\/wp-json\/wp\/v2\/types\/page"}],"author":[{"embeddable":true,"href":"https:\/\/imagenesgeograficas.com\/new\/wp-json\/wp\/v2\/users\/1"}],"replies":[{"embeddable":true,"href":"https:\/\/imagenesgeograficas.com\/new\/wp-json\/wp\/v2\/comments?post=695"}],"version-history":[{"count":5,"href":"https:\/\/imagenesgeograficas.com\/new\/wp-json\/wp\/v2\/pages\/695\/revisions"}],"predecessor-version":[{"id":745,"href":"https:\/\/imagenesgeograficas.com\/new\/wp-json\/wp\/v2\/pages\/695\/revisions\/745"}],"wp:attachment":[{"href":"https:\/\/imagenesgeograficas.com\/new\/wp-json\/wp\/v2\/media?parent=695"}],"curies":[{"name":"wp","href":"https:\/\/api.w.org\/{rel}","templated":true}]}}